+ 143. What is the remainder when 104 is divided by t?
31
Let y(o) = 26*o + 146. Let t(b) = -9*b - 49. Let w(f) = 17*t(f) + 6*y(f). Let i be w(-23). Calculate the remainder when ((-13)/(i/140))/2 is divided by 13.
9
Let u(m) be the third derivative of m**4/24 + 73*m**3/6 - 114*m**2. Calculate the remainder when u(26) is divided by 21.
15
Suppose 4*d + 420*j = 418*j + 6122, 3*j = -3*d + 4599. What is the remainder when d is divided by 90?
88
Let t(j) = -2*j**3 - 2*j + 1. Let d = -168 - -170. Suppose -d*s = 3*l - 25, -4*s - 3*l + 10 + 25 = 0. Calculate the remainder when t(-2) is divided by s.
1
Let l(m) = -m**3 + 24*m**2 - 26*m - 51. Let a be l(23). Let n be (3/(-5))/(12/a). What is the remainder when 1148/12 + (-4)/n is divided by 50?
45
Let q = -5 + 13. Let n be 2*(-1 + 1 - (25 + -26)). What is the remainder when 7 + ((-6)/n - -8) is divided by q?
4
Let n = 625 + -501. Suppose o = y - 24, -2*y + n = 3*y - o. What is the remainder when 93 is divided by y?
18
Let o = 2199 - 2123. Calculate the remainder when 226 is divided by o.
74
Let g be -3 + 11 + -4 + 19. Let h(s) = -g - s**3 - s + 12 + 3*s**2 + 6*s**2 - s. Calculate the remainder when h(8) is divided by 20.
17
Let i(h) = -h**3 + 10*h**2 - 8*h - 5. Suppose 120 = 12*p + 3*p. What is the remainder when 234 is divided by i(p)?
57
Let h = 231 + -223. Let q(t) = -12*t + 123. What is the remainder when q(h) is divided by 15?
12
Let b(p) = -25*p**2 - 527*p - 12. What is the remainder when b(-20) is divided by 173?
9
Suppose -7*o = 3*o + 90. Let a(k) = k**3 + 10*k**2 + 2*k + 5. What is the remainder when 679 is divided by a(o)?
67
Suppose -2379*h = -2476*h + 22019. Suppose -q + 3*p + 46 = 0, 2*q + 5*p - 10 = 82. What is the remainder when h is divided by q?
43
Let c(b) = 3*b**2 + 8*b + 26. Let t be 8/44 - (4 + (-36)/44). Suppose -284 - 221 = -5*r. Calculate the remainder when r is divided by c(t).
14
Suppose 4*j = 3*k - 26, 2*k - 11 = j + 3. Let u be ((-9)/12)/(k/120). Let b(l) = -l**2 - 16*l + 15. Calculate the remainder when b(u) is divided by 10.
0
Let v(u) be the third derivative of 7*u**5/60 - u**4/12 - 17*u**3/6 - 6*u**2 + 7*u. Calculate the remainder when v(-5) is divided by 34.
32
Suppose -11930 = 49*k - 41232. What is the remainder when k is divided by 78?
52
What is the remainder when 4 - (15 + -7) - (-876)/3 is divided by 59?
52
Let n(i) = i**2 + 22*i - 18. Let u be n(-23). Suppose -3*w = -13 - u. Suppose -w*b - 236 + 704 = 0. Calculate the remainder when b is divided by 28.
22
Let d(p) = 4*p**2 + 4*p - 3. Suppose 135*q = 141*q + 258. Let k = 179 - q. What is the remainder when k is divided by d(-4)?
42
Let d(w) be the second derivative of -w**4/6 - w**3/6 + 3*w**2/2 + w - 114. What is the remainder when 6 is divided by d(0)?
0
Let u(f) = 2*f**3 + 3*f**2 - 5*f + 5. Let s be u(2). Let z = -16 + s. Suppose -5 = -2*k + z. Calculate the remainder when 21 is divided by k.
3
Suppose -8*t = -5371 - 365. Let p = t - 104. Calculate the remainder when p is divided by 77.
74
Suppose -6*v = -82 + 670. Let m = -110 - v. Let b = 26 + m. Calculate the remainder when 46 is divided by b.
4
Let h be 6 - 1/(3/6). Suppose -l + 84 + 10 = h*t, -4*t - 152 = -2*l. Suppose -l = -6*j + 26. Calculate the remainder when j is divided by 5.
3
Let y = 9352 + -9227. Calculate the remainder when 864 is divided by y.
114
What is the remainder when ((-35)/(-20))/(45/15120) is divided by 290?
8
Suppose -4*f = 12, 3*w + 73*f = 75*f + 687. Calculate the remainder when w is divided by 37.
5
Let q be (-2260)/108 - (-6)/(-81). Calculate the remainder when 43 is divided by -5 - ((-3)/(-9) - (-301)/q).
7
Suppose 0 = -4*y - 5*j + 41 + 18, -2*j = -4*y + 94. What is the remainder when 20/(((-2)/8)/(29/(-29))) - -2 is divided by y?
19
Let k = 1761 + -1691. Calculate the remainder when 262 is divided by k.
52
Let o be 2/1 - 27/(-3). Let r = 2 + o. Suppose b - r = 33. What is the remainder when 228 is divided by b?
44
Suppose 381 - 241 = 2*i + 2*q, 0 = -4*i + 2*q + 298. Calculate the remainder when 421 is divided by i.
56
Suppose 0 = 4*s + 4*c - 7932, 4*s - c = 4680 + 3292. Calculate the remainder when s is divided by 2.
1
Suppose -3*p = 3*l - 168, 3*l + 2*p + 20 - 183 = 0. Calculate the remainder when 961 is divided by l.
43
Let b(v) = -4*v**2 + 87*v - 371. Calculate the remainder when 215 is divided by b(6).
5
What is the remainder when (561/24)/((-89)/(-712)) is divided by 96?
91
Suppose 854*u - 856*u - 2 = 0, -2*h = 2*u - 410. What is the remainder when h is divided by 26?
24
Suppose 5*c = 9*c + 20, -2*c - 34 = -3*d. Suppose 5*l + 132 = d*l. Calculate the remainder when l is divided by 15.
14
Let j be -9 - 3/((-21)/12 - -1). Let r(s) = 4*s**2 + 12*s - 2. What is the remainder when r(j) is divided by 11?
5
Let i(n) = 2*n**2 - 5*n + 6. Calculate the remainder when (0 + -1)/(2/(-8)) is divided by i(2).
0
Let u(b) = 2*b**2 + 13*b + 24. Let y be u(-6). Suppose -4*t = -0*p + 4*p - 216, -5*p = 0. What is the remainder when t is divided by 2/(-15)*y*-5?
6
Let j(a) = 5*a**2 + 70*a - 886. What is the remainder when 422 is divided by j(9)?
124
Let v(r) = 84*r - 302. Calculate the remainder when 703 is divided by v(4).
23
Suppose 8*l = 14*l - 504. Suppose 26 + l = 2*x. Calculate the remainder when x is divided by (-194)/(-7) + 6/21.
27
Suppose 2*j - 825 = 3*d, 3*d = -j - 67 + 493. Suppose -39 = 21*p - j. Let q = -54 - -85. Calculate the remainder when q is divided by p.
13
Let w = 1233 - 741. Calculate the remainder when w is divided by 199.
94
Suppose -1081 - 969 - 330 = -17*v. What is the remainder when v is divided by 70?
0
Let s(b) be the second derivative of 2*b**4/3 - 9*b**2/2 - 16*b - 4. What is the remainder when s(-4) is divided by 41?
37
Let f(i) = 4*i**2 + 3*i - 1. Suppose 0 = -85*y + 80*y + 4*w + 198, -2*w = -3*y + 112. What is the remainder when f(-6) is divided by y?
21
Suppose 3*a + 0*u - 2*u - 376 = 0, -2*a + 3*u = -259. Let j be (-77 - 18)/((-2)/(-4)). Let c = -165 - j. Calculate the remainder when a is divided by c.
22
Let k be (-95)/(95/25 + -4). Let j = -443 + k. Calculate the remainder when 157 is divided by j.
29
Calculate the remainder when 458 is divided by (-6)/10 + 26466/330 + (-2)/(-5).
58
Let x be (-2 - (-27)/(-6))*1*-16. Suppose -x = 3*l - 164. What is the remainder when ((-26)/4)/((-4)/24) is divided by l?
19
Suppose -4*d + 2*v + v = 132, -5*v = -20. What is the remainder when 61 is divided by 20/d*(-3 + -12)?
1
Let w(n) = n + 2106. Let i(c) = -702. Let g(s) = -7*i(s) - 2*w(s). Let a be g(0). What is the remainder when 40/50 - a/(-10) - 2 is divided by 12?
9
Suppose 14*j - 8788 = 2963 + 121. Calculate the remainder when j is divided by 175.
148
Let l(o) be the second derivative of -o**3/6 + 6*o**2 - 19*o. Suppose 4*i - 2*x - 84 = 2*x, 5*i + x - 135 = 0. What is the remainder when i is divided by l(9)?
2
Let c = -14075 - -15093. Calculate the remainder when c is divided by 503.
12
Suppose q + 124 = 3*p, -287 = 5*q - p + 347. Let k = -106 - q. Suppose -k*g = -20*g - 7. Calculate the remainder when 11 is divided by g.
4
Let n(a) = -5*a**3 - 25*a**2 + a + 66. Let j(b) = 11*b**3 + 49*b**2 - 2*b - 132. Let s(p) = 6*j(p) + 13*n(p). What is the remainder when s(31) is divided by 33?
31
Let c = 3427 + -3190. What is the remainder when c is divided by 27?
21
Suppose -47702 - 22654 = -123*m. What is the remainder when m is divided by 133?
40
Suppose 2*m + 2*c - 737 + 185 = 0, 10*c = m - 254. Calculate the remainder when 1033 is divided by m.
211
Suppose 2111 = 30*d - 1369. What is the remainder when 3593 is divided by d?
113
Let l be (10/6)/((-15)/36). Let y(x) = -4*x + 2. Calculate the remainder when (-1)/(l*9/1620) is divided by y(-4).
9
Let q be (-18)/(-8) - -1 - (-12)/16. Suppose -7*i + 2*i + 5*r = -325, -3*i + q*r + 197 = 0. Calculate the remainder when i is divided by 32.
31
Let g(w) = -w**3 + 19*w**2 - 31*w - 48. Let a be g(17). Suppose -4*c - 70 = -a*i, 2*i - 5*c + 145 = 6*i. What is the remainder when 70 is divided by i?
10
Let d(g) = 217*g - 4731. What is the remainder when d(43) is divided by 18?
10
Suppose 0 = -34*d + 39*d - 27395. What is the remainder when d is divided by 63?
61
Suppose 0 = 2*u - 12, 18*w - 14*w - 3*u - 1850 = 0. What is the remainder when w is divided by 124?
95
Let p = -117 - -125. Suppo